{"id":785,"date":"2018-03-15T11:15:47","date_gmt":"2018-03-15T10:15:47","guid":{"rendered":"http:\/\/pedagog.zsme.pl\/?page_id=785"},"modified":"2018-03-15T11:16:09","modified_gmt":"2018-03-15T10:16:09","slug":"warsztaty-o-agresji","status":"publish","type":"page","link":"http:\/\/pedagog.zsme.pl\/aktualnosci\/profilaktyka\/warsztaty-o-agresji\/","title":{"rendered":"Jak budowa\u0107 zgrany zesp\u00f3\u0142 klasowy?"},"content":{"rendered":"<p>M\u0142odzie\u017c 1 TB i 2 TA wzi\u0119li udzia\u0142 w zaj\u0119ciach warsztatowych prowadzonych przez pani\u0105 Urszul\u0119 Marcinkowsk\u0105 \u2013 socjolog oraz pana Rafa\u0142a Michalika terapeut\u0119, pedagoga. Uczniowie \u0107wiczyli, w jaki spos\u00f3b budowa\u0107 zesp\u00f3\u0142 klasowy, unika\u0107 zachowa\u0144 agresywnych i rozwi\u0105zywa\u0107 konflikty. W budowaniu zespo\u0142u powinny dominowa\u0107 procesy wsp\u00f3\u0142pracy, ale pojawiaj\u0105 si\u0119 r\u00f3wnie\u017c konflikty. Podczas warsztat\u00f3w uczniowie zapoznali si\u0119 z mechanizmami powstawania konflikt\u00f3w w klasie, pseudostrategiami rozwi\u0105zywania konflikt\u00f3w, z agresj\u0105 i jej rodzajami oraz komunikatami agresywnymi. Uczniowie\u00a0 oceniali czy ich zachowania nacechowane s\u0105 agresj\u0105.<\/p>\n<div id='gallery-1' class='gallery galleryid-785 gallery-columns-3 gallery-size-thumbnail'><figure class='gallery-item'>\n\t\t\t<div class='gallery-icon landscape'>\n\t\t\t\t<a href='http:\/\/pedagog.zsme.pl\/wp-content\/uploads\/2018\/03\/agresja-1.jpg'><img loading=\"lazy\" decoding=\"async\" width=\"150\" height=\"150\" src=\"http:\/\/pedagog.zsme.pl\/wp-content\/uploads\/2018\/03\/agresja-1-150x150.jpg\" class=\"attachment-thumbnail size-thumbnail\" alt=\"\" srcset=\"http:\/\/pedagog.zsme.pl\/wp-content\/uploads\/2018\/03\/agresja-1-150x150.jpg 150w, http:\/\/pedagog.zsme.pl\/wp-content\/uploads\/2018\/03\/agresja-1-100x100.jpg 100w\" sizes=\"(max-width: 150px) 85vw, 150px\" \/><\/a>\n\t\t\t<\/div><\/figure><figure class='gallery-item'>\n\t\t\t<div class='gallery-icon landscape'>\n\t\t\t\t<a href='http:\/\/pedagog.zsme.pl\/wp-content\/uploads\/2018\/03\/agresja-2.jpg'><img loading=\"lazy\" decoding=\"async\" width=\"150\" height=\"150\" src=\"http:\/\/pedagog.zsme.pl\/wp-content\/uploads\/2018\/03\/agresja-2-150x150.jpg\" class=\"attachment-thumbnail size-thumbnail\" alt=\"\" srcset=\"http:\/\/pedagog.zsme.pl\/wp-content\/uploads\/2018\/03\/agresja-2-150x150.jpg 150w, http:\/\/pedagog.zsme.pl\/wp-content\/uploads\/2018\/03\/agresja-2-100x100.jpg 100w\" sizes=\"(max-width: 150px) 85vw, 150px\" \/><\/a>\n\t\t\t<\/div><\/figure><figure class='gallery-item'>\n\t\t\t<div class='gallery-icon landscape'>\n\t\t\t\t<a href='http:\/\/pedagog.zsme.pl\/wp-content\/uploads\/2018\/03\/agresja-6.jpg'><img loading=\"lazy\" decoding=\"async\" width=\"150\" height=\"150\" src=\"http:\/\/pedagog.zsme.pl\/wp-content\/uploads\/2018\/03\/agresja-6-150x150.jpg\" class=\"attachment-thumbnail size-thumbnail\" alt=\"\" srcset=\"http:\/\/pedagog.zsme.pl\/wp-content\/uploads\/2018\/03\/agresja-6-150x150.jpg 150w, http:\/\/pedagog.zsme.pl\/wp-content\/uploads\/2018\/03\/agresja-6-100x100.jpg 100w\" sizes=\"(max-width: 150px) 85vw, 150px\" \/><\/a>\n\t\t\t<\/div><\/figure><figure class='gallery-item'>\n\t\t\t<div class='gallery-icon landscape'>\n\t\t\t\t<a href='http:\/\/pedagog.zsme.pl\/wp-content\/uploads\/2018\/03\/agresja3.jpg'><img loading=\"lazy\" decoding=\"async\" width=\"150\" height=\"150\" src=\"http:\/\/pedagog.zsme.pl\/wp-content\/uploads\/2018\/03\/agresja3-150x150.jpg\" class=\"attachment-thumbnail size-thumbnail\" alt=\"\" srcset=\"http:\/\/pedagog.zsme.pl\/wp-content\/uploads\/2018\/03\/agresja3-150x150.jpg 150w, http:\/\/pedagog.zsme.pl\/wp-content\/uploads\/2018\/03\/agresja3-100x100.jpg 100w\" sizes=\"(max-width: 150px) 85vw, 150px\" \/><\/a>\n\t\t\t<\/div><\/figure><figure class='gallery-item'>\n\t\t\t<div class='gallery-icon landscape'>\n\t\t\t\t<a href='http:\/\/pedagog.zsme.pl\/wp-content\/uploads\/2018\/03\/agresja4.jpg'><img loading=\"lazy\" decoding=\"async\" width=\"150\" height=\"150\" src=\"http:\/\/pedagog.zsme.pl\/wp-content\/uploads\/2018\/03\/agresja4-150x150.jpg\" class=\"attachment-thumbnail size-thumbnail\" alt=\"\" srcset=\"http:\/\/pedagog.zsme.pl\/wp-content\/uploads\/2018\/03\/agresja4-150x150.jpg 150w, http:\/\/pedagog.zsme.pl\/wp-content\/uploads\/2018\/03\/agresja4-100x100.jpg 100w\" sizes=\"(max-width: 150px) 85vw, 150px\" \/><\/a>\n\t\t\t<\/div><\/figure><figure class='gallery-item'>\n\t\t\t<div class='gallery-icon landscape'>\n\t\t\t\t<a href='http:\/\/pedagog.zsme.pl\/wp-content\/uploads\/2018\/03\/agresja5.jpg'><img loading=\"lazy\" decoding=\"async\" width=\"150\" height=\"150\" src=\"http:\/\/pedagog.zsme.pl\/wp-content\/uploads\/2018\/03\/agresja5-150x150.jpg\" class=\"attachment-thumbnail size-thumbnail\" alt=\"\" srcset=\"http:\/\/pedagog.zsme.pl\/wp-content\/uploads\/2018\/03\/agresja5-150x150.jpg 150w, http:\/\/pedagog.zsme.pl\/wp-content\/uploads\/2018\/03\/agresja5-100x100.jpg 100w\" sizes=\"(max-width: 150px) 85vw, 150px\" \/><\/a>\n\t\t\t<\/div><\/figure><figure class='gallery-item'>\n\t\t\t<div class='gallery-icon landscape'>\n\t\t\t\t<a href='http:\/\/pedagog.zsme.pl\/wp-content\/uploads\/2018\/03\/Zespol-2.jpg'><img loading=\"lazy\" decoding=\"async\" width=\"150\" height=\"150\" src=\"http:\/\/pedagog.zsme.pl\/wp-content\/uploads\/2018\/03\/Zespol-2-150x150.jpg\" class=\"attachment-thumbnail size-thumbnail\" alt=\"\" srcset=\"http:\/\/pedagog.zsme.pl\/wp-content\/uploads\/2018\/03\/Zespol-2-150x150.jpg 150w, http:\/\/pedagog.zsme.pl\/wp-content\/uploads\/2018\/03\/Zespol-2-100x100.jpg 100w\" sizes=\"(max-width: 150px) 85vw, 150px\" \/><\/a>\n\t\t\t<\/div><\/figure><figure class='gallery-item'>\n\t\t\t<div class='gallery-icon landscape'>\n\t\t\t\t<a href='http:\/\/pedagog.zsme.pl\/wp-content\/uploads\/2018\/03\/Zesp\u00f3\u0142-1.jpg'><img loading=\"lazy\" decoding=\"async\" width=\"150\" height=\"150\" src=\"http:\/\/pedagog.zsme.pl\/wp-content\/uploads\/2018\/03\/Zesp\u00f3\u0142-1-150x150.jpg\" class=\"attachment-thumbnail size-thumbnail\" alt=\"\" srcset=\"http:\/\/pedagog.zsme.pl\/wp-content\/uploads\/2018\/03\/Zesp\u00f3\u0142-1-150x150.jpg 150w, http:\/\/pedagog.zsme.pl\/wp-content\/uploads\/2018\/03\/Zesp\u00f3\u0142-1-100x100.jpg 100w\" sizes=\"(max-width: 150px) 85vw, 150px\" \/><\/a>\n\t\t\t<\/div><\/figure>\n\t\t<\/div>\n\n","protected":false},"excerpt":{"rendered":"<p>M\u0142odzie\u017c 1 TB i 2 TA wzi\u0119li udzia\u0142 w zaj\u0119ciach warsztatowych prowadzonych przez pani\u0105 Urszul\u0119 Marcinkowsk\u0105 \u2013 socjolog oraz pana Rafa\u0142a Michalika terapeut\u0119, pedagoga. Uczniowie \u0107wiczyli, w jaki spos\u00f3b budowa\u0107 zesp\u00f3\u0142 klasowy, unika\u0107 zachowa\u0144 agresywnych i rozwi\u0105zywa\u0107 konflikty. W budowaniu zespo\u0142u powinny dominowa\u0107 procesy wsp\u00f3\u0142pracy, ale pojawiaj\u0105 si\u0119 r\u00f3wnie\u017c konflikty. Podczas warsztat\u00f3w uczniowie zapoznali si\u0119 &hellip; <a href=\"http:\/\/pedagog.zsme.pl\/aktualnosci\/profilaktyka\/warsztaty-o-agresji\/\" class=\"more-link\">Czytaj dalej<span class=\"screen-reader-text\"> Jak budowa\u0107 zgrany zesp\u00f3\u0142 klasowy?<\/span><\/a><\/p>\n","protected":false},"author":2,"featured_media":0,"parent":40,"menu_order":0,"comment_status":"closed","ping_status":"closed","template":"","meta":{"footnotes":""},"_links":{"self":[{"href":"http:\/\/pedagog.zsme.pl\/aktualnosci\/wp-json\/wp\/v2\/pages\/785"}],"collection":[{"href":"http:\/\/pedagog.zsme.pl\/aktualnosci\/wp-json\/wp\/v2\/pages"}],"about":[{"href":"http:\/\/pedagog.zsme.pl\/aktualnosci\/wp-json\/wp\/v2\/types\/page"}],"author":[{"embeddable":true,"href":"http:\/\/pedagog.zsme.pl\/aktualnosci\/wp-json\/wp\/v2\/users\/2"}],"replies":[{"embeddable":true,"href":"http:\/\/pedagog.zsme.pl\/aktualnosci\/wp-json\/wp\/v2\/comments?post=785"}],"version-history":[{"count":2,"href":"http:\/\/pedagog.zsme.pl\/aktualnosci\/wp-json\/wp\/v2\/pages\/785\/revisions"}],"predecessor-version":[{"id":795,"href":"http:\/\/pedagog.zsme.pl\/aktualnosci\/wp-json\/wp\/v2\/pages\/785\/revisions\/795"}],"up":[{"embeddable":true,"href":"http:\/\/pedagog.zsme.pl\/aktualnosci\/wp-json\/wp\/v2\/pages\/40"}],"wp:attachment":[{"href":"http:\/\/pedagog.zsme.pl\/aktualnosci\/wp-json\/wp\/v2\/media?parent=785"}],"curies":[{"name":"wp","href":"https:\/\/api.w.org\/{rel}","templated":true}]}}

Jak budować zgrany zespół klasowy?

<p>Młodzież 1 TB i 2 TA wzięli udział w zajęciach warsztatowych prowadzonych przez panią Urszulę Marcinkowską – socjolog oraz pana Rafała Michalika terapeutę, pedagoga. Uczniowie ćwiczyli, w jaki sposób budować zespół klasowy, unikać zachowań agresywnych i rozwiązywać konflikty. W budowaniu zespołu powinny dominować procesy współpracy, ale pojawiają się również konflikty. Podczas warsztatów uczniowie zapoznali się z mechanizmami powstawania konfliktów w klasie, pseudostrategiami rozwiązywania konfliktów, z agresją i jej rodzajami oraz komunikatami agresywnymi. Uczniowie  oceniali czy ich zachowania nacechowane są agresją.</p>
<div id='gallery-1' class='gallery galleryid-785 gallery-columns-3 gallery-size-thumbnail'><figure class='gallery-item'>
			<div class='gallery-icon landscape'>
				<a href='http://pedagog.zsme.pl/wp-content/uploads/2018/03/agresja-1.jpg'><img loading="lazy" decoding="async" width="150" height="150" src="http://pedagog.zsme.pl/wp-content/uploads/2018/03/agresja-1-150x150.jpg" class="attachment-thumbnail size-thumbnail" alt="" srcset="http://pedagog.zsme.pl/wp-content/uploads/2018/03/agresja-1-150x150.jpg 150w, http://pedagog.zsme.pl/wp-content/uploads/2018/03/agresja-1-100x100.jpg 100w" sizes="(max-width: 150px) 85vw, 150px" /></a>
			</div></figure><figure class='gallery-item'>
			<div class='gallery-icon landscape'>
				<a href='http://pedagog.zsme.pl/wp-content/uploads/2018/03/agresja-2.jpg'><img loading="lazy" decoding="async" width="150" height="150" src="http://pedagog.zsme.pl/wp-content/uploads/2018/03/agresja-2-150x150.jpg" class="attachment-thumbnail size-thumbnail" alt="" srcset="http://pedagog.zsme.pl/wp-content/uploads/2018/03/agresja-2-150x150.jpg 150w, http://pedagog.zsme.pl/wp-content/uploads/2018/03/agresja-2-100x100.jpg 100w" sizes="(max-width: 150px) 85vw, 150px" /></a>
			</div></figure><figure class='gallery-item'>
			<div class='gallery-icon landscape'>
				<a href='http://pedagog.zsme.pl/wp-content/uploads/2018/03/agresja-6.jpg'><img loading="lazy" decoding="async" width="150" height="150" src="http://pedagog.zsme.pl/wp-content/uploads/2018/03/agresja-6-150x150.jpg" class="attachment-thumbnail size-thumbnail" alt="" srcset="http://pedagog.zsme.pl/wp-content/uploads/2018/03/agresja-6-150x150.jpg 150w, http://pedagog.zsme.pl/wp-content/uploads/2018/03/agresja-6-100x100.jpg 100w" sizes="(max-width: 150px) 85vw, 150px" /></a>
			</div></figure><figure class='gallery-item'>
			<div class='gallery-icon landscape'>
				<a href='http://pedagog.zsme.pl/wp-content/uploads/2018/03/agresja3.jpg'><img loading="lazy" decoding="async" width="150" height="150" src="http://pedagog.zsme.pl/wp-content/uploads/2018/03/agresja3-150x150.jpg" class="attachment-thumbnail size-thumbnail" alt="" srcset="http://pedagog.zsme.pl/wp-content/uploads/2018/03/agresja3-150x150.jpg 150w, http://pedagog.zsme.pl/wp-content/uploads/2018/03/agresja3-100x100.jpg 100w" sizes="(max-width: 150px) 85vw, 150px" /></a>
			</div></figure><figure class='gallery-item'>
			<div class='gallery-icon landscape'>
				<a href='http://pedagog.zsme.pl/wp-content/uploads/2018/03/agresja4.jpg'><img loading="lazy" decoding="async" width="150" height="150" src="http://pedagog.zsme.pl/wp-content/uploads/2018/03/agresja4-150x150.jpg" class="attachment-thumbnail size-thumbnail" alt="" srcset="http://pedagog.zsme.pl/wp-content/uploads/2018/03/agresja4-150x150.jpg 150w, http://pedagog.zsme.pl/wp-content/uploads/2018/03/agresja4-100x100.jpg 100w" sizes="(max-width: 150px) 85vw, 150px" /></a>
			</div></figure><figure class='gallery-item'>
			<div class='gallery-icon landscape'>
				<a href='http://pedagog.zsme.pl/wp-content/uploads/2018/03/agresja5.jpg'><img loading="lazy" decoding="async" width="150" height="150" src="http://pedagog.zsme.pl/wp-content/uploads/2018/03/agresja5-150x150.jpg" class="attachment-thumbnail size-thumbnail" alt="" srcset="http://pedagog.zsme.pl/wp-content/uploads/2018/03/agresja5-150x150.jpg 150w, http://pedagog.zsme.pl/wp-content/uploads/2018/03/agresja5-100x100.jpg 100w" sizes="(max-width: 150px) 85vw, 150px" /></a>
			</div></figure><figure class='gallery-item'>
			<div class='gallery-icon landscape'>
				<a href='http://pedagog.zsme.pl/wp-content/uploads/2018/03/Zespol-2.jpg'><img loading="lazy" decoding="async" width="150" height="150" src="http://pedagog.zsme.pl/wp-content/uploads/2018/03/Zespol-2-150x150.jpg" class="attachment-thumbnail size-thumbnail" alt="" srcset="http://pedagog.zsme.pl/wp-content/uploads/2018/03/Zespol-2-150x150.jpg 150w, http://pedagog.zsme.pl/wp-content/uploads/2018/03/Zespol-2-100x100.jpg 100w" sizes="(max-width: 150px) 85vw, 150px" /></a>
			</div></figure><figure class='gallery-item'>
			<div class='gallery-icon landscape'>
				<a href='http://pedagog.zsme.pl/wp-content/uploads/2018/03/Zespół-1.jpg'><img loading="lazy" decoding="async" width="150" height="150" src="http://pedagog.zsme.pl/wp-content/uploads/2018/03/Zespół-1-150x150.jpg" class="attachment-thumbnail size-thumbnail" alt="" srcset="http://pedagog.zsme.pl/wp-content/uploads/2018/03/Zespół-1-150x150.jpg 150w, http://pedagog.zsme.pl/wp-content/uploads/2018/03/Zespół-1-100x100.jpg 100w" sizes="(max-width: 150px) 85vw, 150px" /></a>
			</div></figure>
		</div>

<p>Młodzież 1 TB i 2 TA wzięli udział w zajęciach warsztatowych prowadzonych przez panią Urszulę Marcinkowską – socjolog oraz pana Rafała Michalika terapeutę, pedagoga. Uczniowie ćwiczyli, w jaki sposób budować zespół klasowy, unikać zachowań agresywnych i rozwiązywać konflikty. W budowaniu zespołu powinny dominować procesy współpracy, ale pojawiają się również konflikty. Podczas warsztatów uczniowie zapoznali się &hellip; <a href="http://pedagog.zsme.pl/aktualnosci/profilaktyka/warsztaty-o-agresji/" class="more-link">Czytaj dalej<span class="screen-reader-text"> Jak budować zgrany zespół klasowy?</span></a></p>
