{"id":268,"date":"2017-04-06T10:08:19","date_gmt":"2017-04-06T09:08:19","guid":{"rendered":"http:\/\/pedagog.zsme.pl\/wordpress\/?page_id=268"},"modified":"2018-06-04T09:57:33","modified_gmt":"2018-06-04T08:57:33","slug":"przydatne-linki","status":"publish","type":"page","link":"http:\/\/pedagog.zsme.pl\/aktualnosci\/przydatne-linki\/","title":{"rendered":"Przydatne linki"},"content":{"rendered":"<ul class=\"fonter\">\n<li style=\"list-style-type: none;\">\n<ul class=\"fonter\">\n<li>Wychowanie<\/li>\n<\/ul>\n<\/li>\n<\/ul>\n<p><img loading=\"lazy\" decoding=\"async\" class=\"alignnone wp-image-745 size-medium\" src=\"http:\/\/pedagog.zsme.pl\/wp-content\/uploads\/2017\/04\/2-300x194.jpg\" alt=\"\" width=\"300\" height=\"194\" srcset=\"http:\/\/pedagog.zsme.pl\/wp-content\/uploads\/2017\/04\/2-300x194.jpg 300w, http:\/\/pedagog.zsme.pl\/wp-content\/uploads\/2017\/04\/2-768x498.jpg 768w, http:\/\/pedagog.zsme.pl\/wp-content\/uploads\/2017\/04\/2.jpg 960w\" sizes=\"(max-width: 300px) 85vw, 300px\" \/><br \/>\n<span style=\"color: #808080;\">\u0179r\u00f3d\u0142o:\u00a0Inspiracje Psychologiczne<\/span><\/p>\n<ul class=\"fonter\">\n<li style=\"list-style-type: none;\"><a href=\"http:\/\/dziecisawazne.pl\/wspierac-motywacje-wewnetrzna-dziecka\/\" target=\"_blank\" rel=\"noopener noreferrer\">http:\/\/dziecisawazne.pl\/wspierac-motywacje-wewnetrzna-dziecka\/<br \/>\n<\/a><\/li>\n<li style=\"list-style-type: none;\"><\/li>\n<li style=\"list-style-type: none;\"><\/li>\n<li style=\"list-style-type: none;\">\n<ul class=\"fonter\">\n<li>Zdrowie psychiczne<\/li>\n<\/ul>\n<\/li>\n<li style=\"list-style-type: none;\"><a href=\"https:\/\/pieknoumyslu.com\/inteligencja-emocjonalna-zachowania-brak\/\" target=\"_blank\" rel=\"noopener noreferrer\">https:\/\/pieknoumyslu.com\/inteligencja-emocjonalna-zachowania-brak\/<\/a><\/li>\n<li style=\"list-style-type: none;\"><a href=\"http:\/\/www.psychiatria.pl\/artykul\/fobia-spoleczna-i-arachnofobia-przyklady-ekstremalnego-natezenia-leku\/19824.html\" target=\"_blank\" rel=\"noopener noreferrer\">http:\/\/www.psychiatria.pl\/artykul\/fobia-spoleczna-i-arachnofobia-przyklady-ekstremalnego-natezenia-leku\/19824.html<\/a><\/li>\n<li style=\"list-style-type: none;\"><\/li>\n<li style=\"list-style-type: none;\">\n<ul class=\"fonter\">\n<li>Anoreksja<\/li>\n<\/ul>\n<\/li>\n<\/ul>\n<p><a href=\"https:\/\/portal.abczdrowie.pl\/wierza-ze-od-tlustego-kremu-moga-przytyc-anoreksja-choroba-duszy\" target=\"_blank\" rel=\"noopener noreferrer\">https:\/\/portal.abczdrowie.pl\/wierza-ze-od-tlustego-kremu-moga-przytyc-anoreksja-choroba-duszy <\/a><\/p>\n<ul class=\"fonter\">\n<li style=\"list-style-type: none;\">\n<ul class=\"fonter\">\n<li>Samob\u00f3jstwa<\/li>\n<\/ul>\n<\/li>\n<\/ul>\n<p><a href=\"https:\/\/pieknoumyslu.com\/samobojstwo-gdy-zaczyna-byc-rozwiazaniem\/\" target=\"_blank\" rel=\"noopener noreferrer\">https:\/\/pieknoumyslu.com\/samobojstwo-gdy-zaczyna-byc-rozwiazaniem\/<\/a><\/p>\n<p><a href=\"http:\/\/www.gazeta.edu.pl\/Mlodzi_samobojcy__Kim_sa__dlaczego_to_robia_-95_665-0.html\" target=\"_blank\" rel=\"noopener noreferrer\">http:\/\/www.gazeta.edu.pl\/Mlodzi_samobojcy__Kim_sa__dlaczego_to_robia_-95_665-0.html<\/a><br \/>\n<a href=\"http:\/\/www.szkolnictwo.pl\/index.php?id=pu5469\" target=\"_blank\" rel=\"noopener noreferrer\">http:\/\/www.szkolnictwo.pl\/index.php?id=pu5469<\/a><br \/>\n<a href=\"http:\/\/pedagogikaspecjalna.tripod.com\/notes\/suicidal.htm\" target=\"_blank\" rel=\"noopener noreferrer\">http:\/\/pedagogikaspecjalna.tripod.com\/notes\/suicidal.htm<\/a><br \/>\n<a href=\"http:\/\/www.se.pl\/styl-zycia\/zdrowie-i-psychologia\/300-nastolatkow-rocznie-popelnia-samobojstwa-w-polsce_582363.html\" target=\"_blank\" rel=\"noopener noreferrer\">http:\/\/www.se.pl\/styl-zycia\/zdrowie-i-psychologia\/300-nastolatkow-rocznie-popelnia-samobojstwa-w-polsce_582363.html<\/a><br \/>\n<a href=\"https:\/\/www.bryk.pl\/wypracowania\/pozosta%C5%82e\/pedagogika\/15336-problem_samob%C3%B3jstw_u_dzieci_i_m%C5%82odzie%C5%BCy.html\" target=\"_blank\" rel=\"noopener noreferrer\">https:\/\/www.bryk.pl\/wypracowania\/pozosta%C5%82e\/pedagogika\/15336-problem_samob%C3%B3jstw_u_dzieci_i_m%C5%82odzie%C5%BCy.html<\/a><br \/>\n<a href=\"http:\/\/polki.pl\/zdrowie\/psychologia,samobojstwa-w-polsce-policyjne-statystyki,10398773,artykul.html\" target=\"_blank\" rel=\"noopener noreferrer\">http:\/\/polki.pl\/zdrowie\/psychologia,samobojstwa-w-polsce-policyjne-statystyki,10398773,artykul.html<\/a><br \/>\n<a href=\"http:\/\/brpd.gov.pl\/sites\/default\/files\/zapobieganie_samobojstwom.pdf\" target=\"_blank\" rel=\"noopener noreferrer\">http:\/\/brpd.gov.pl\/sites\/default\/files\/zapobieganie_samobojstwom.pdf<\/a><\/p>\n<ul class=\"fonter\">\n<li style=\"list-style-type: none;\">\n<ul class=\"fonter\">\n<li>Zesp\u00f3\u0142 Aspergera, autyzm<\/li>\n<\/ul>\n<\/li>\n<\/ul>\n<p><a href=\"http:\/\/twojezdrowie.rmf24.pl\/czlowiek\/dziecko\/news-kazde-dziecko-z-autyzmem-jest-inne-zobacz-ich-swiaty,nId,2467987\" target=\"_blank\" rel=\"noopener noreferrer\"><img loading=\"lazy\" decoding=\"async\" class=\"alignnone wp-image-750 size-medium\" src=\"http:\/\/pedagog.zsme.pl\/wp-content\/uploads\/2017\/04\/3-300x251.png\" alt=\"\" width=\"300\" height=\"251\" srcset=\"http:\/\/pedagog.zsme.pl\/wp-content\/uploads\/2017\/04\/3-300x251.png 300w, http:\/\/pedagog.zsme.pl\/wp-content\/uploads\/2017\/04\/3-768x644.png 768w, http:\/\/pedagog.zsme.pl\/wp-content\/uploads\/2017\/04\/3.png 940w\" sizes=\"(max-width: 300px) 85vw, 300px\" \/><br \/>\n<\/a><span style=\"color: #808080;\">\u0179r\u00f3d\u0142o: Zdrowa G\u0142owa<\/span><\/p>\n<p><a href=\"https:\/\/pedagogika-specjalna.edu.pl\/autyzm\/dziecko-z-autyzmem-w-grupie\/\">https:\/\/pedagogika-specjalna.edu.pl\/autyzm\/dziecko-z-autyzmem-w-grupie\/<\/a><br \/>\n<a href=\"http:\/\/twojezdrowie.rmf24.pl\/czlowiek\/dziecko\/news-kazde-dziecko-z-autyzmem-jest-inne-zobacz-ich-swiaty,nId,2467987\">http:\/\/twojezdrowie.rmf24.pl\/czlowiek\/dziecko\/news-kazde-dziecko-z-autyzmem-jest-inne-zobacz-ich-swiaty,nId,2467987<\/a><\/p>\n<p><a href=\"http:\/\/www.spoa.org.pl\/diagnoza\/diagnoza\/\" target=\"_blank\" rel=\"noopener noreferrer\">http:\/\/www.spoa.org.pl\/diagnoza\/diagnoza\/<\/a><br \/>\n<a href=\"http:\/\/www.poradnikautystyczny.pl\/\" target=\"_blank\" rel=\"noopener noreferrer\">http:\/\/www.poradnikautystyczny.pl\/<\/a><br \/>\n<a href=\"http:\/\/niegrzecznedzieci.org.pl\/asperger\/\" target=\"_blank\" rel=\"noopener noreferrer\">http:\/\/niegrzecznedzieci.org.pl\/asperger\/<\/a><br \/>\n<a href=\"http:\/\/dziecisawazne.pl\/zespol-aspergera-choroba-czy-dar-jak-rozpoznac-dziecka-za\/\" target=\"_blank\" rel=\"noopener noreferrer\">http:\/\/dziecisawazne.pl\/zespol-aspergera-choroba-czy-dar-jak-rozpoznac-dziecka-za\/<br \/>\n<\/a><\/p>\n<p><img loading=\"lazy\" decoding=\"async\" class=\"alignnone size-full wp-image-894\" src=\"http:\/\/pedagog.zsme.pl\/wp-content\/uploads\/2017\/04\/1.jpg\" alt=\"\" width=\"509\" height=\"720\" srcset=\"http:\/\/pedagog.zsme.pl\/wp-content\/uploads\/2017\/04\/1.jpg 509w, http:\/\/pedagog.zsme.pl\/wp-content\/uploads\/2017\/04\/1-212x300.jpg 212w\" sizes=\"(max-width: 509px) 85vw, 509px\" \/><\/p>\n<ul class=\"fonter\">\n<li style=\"list-style-type: none;\">\n<ul class=\"fonter\">\n<li>Dysleksja<\/li>\n<\/ul>\n<\/li>\n<\/ul>\n<p><a href=\"http:\/\/www.ptd.edu.pl\/odysleksji.html\" target=\"_blank\" rel=\"noopener noreferrer\">http:\/\/www.ptd.edu.pl\/odysleksji.html<\/a><br \/>\n<a href=\"http:\/\/www.psdlux.org\/o-dysleksji\/cechy-dyslektykow.html\" target=\"_blank\" rel=\"noopener noreferrer\">http:\/\/www.psdlux.org\/o-dysleksji\/cechy-dyslektykow.html<\/a><br \/>\n<a href=\"http:\/\/babyonline.pl\/test-na-dysleksj-dla-dzieci,dysleksja-psychotest,1030,r4.html\" target=\"_blank\" rel=\"noopener noreferrer\">http:\/\/babyonline.pl\/test-na-dysleksj-dla-dzieci,dysleksja-psychotest,1030,r4.html<\/a><br \/>\n<a href=\"http:\/\/www.poradnikzdrowie.pl\/psychologia\/wychowanie\/przyczyny-objawy-i-diagnozowanie-dysleksji_33560.html\" target=\"_blank\" rel=\"noopener noreferrer\">http:\/\/www.poradnikzdrowie.pl\/psychologia\/wychowanie\/przyczyny-objawy-i-diagnozowanie-dysleksji_33560.html<\/a><\/p>\n<ul class=\"fonter\">\n<li style=\"list-style-type: none;\">\n<ul class=\"fonter\">\n<li>Uzale\u017cnienia<\/li>\n<\/ul>\n<\/li>\n<\/ul>\n<p><a href=\"https:\/\/portal.abczdrowie.pl\/uzaleznienia\" target=\"_blank\" rel=\"noopener noreferrer\">https:\/\/portal.abczdrowie.pl\/uzaleznienia<\/a><br \/>\n<a href=\"https:\/\/portal.abczdrowie.pl\/zobacz-jak-ogladanie-pornografii-wplywa-na-twoj-mozg\" target=\"_blank\" rel=\"noopener noreferrer\">https:\/\/portal.abczdrowie.pl\/zobacz-jak-ogladanie-pornografii-wplywa-na-twoj-mozg<\/a><br \/>\n<a href=\"https:\/\/portal.abczdrowie.pl\/jak-pomoc-alkoholikow\" target=\"_blank\" rel=\"noopener noreferrer\">https:\/\/portal.abczdrowie.pl\/jak-pomoc-alkoholikow<\/a><br \/>\n<a href=\"https:\/\/portal.abczdrowie.pl\/uzaleznienie-od-masturbacji\" target=\"_blank\" rel=\"noopener noreferrer\">https:\/\/portal.abczdrowie.pl\/uzaleznienie-od-masturbacji<\/a><br \/>\n<a href=\"https:\/\/portal.abczdrowie.pl\/quiz,5967910623335553\" target=\"_blank\" rel=\"noopener noreferrer\">https:\/\/portal.abczdrowie.pl\/quiz,5967910623335553<\/a><br \/>\n<a href=\"http:\/\/www.narkomania.org.pl\/\" target=\"_blank\" rel=\"noopener noreferrer\">http:\/\/www.narkomania.org.pl\/<\/a><br \/>\n<a href=\"http:\/\/www.narkotyki.pl\/baza-wiedzy\/\" target=\"_blank\" rel=\"noopener noreferrer\">http:\/\/www.narkotyki.pl\/baza-wiedzy\/<\/a><\/p>\n<p>&nbsp;<\/p>\n","protected":false},"excerpt":{"rendered":"<p>Wychowanie \u0179r\u00f3d\u0142o:\u00a0Inspiracje Psychologiczne http:\/\/dziecisawazne.pl\/wspierac-motywacje-wewnetrzna-dziecka\/ Zdrowie psychiczne https:\/\/pieknoumyslu.com\/inteligencja-emocjonalna-zachowania-brak\/ http:\/\/www.psychiatria.pl\/artykul\/fobia-spoleczna-i-arachnofobia-przyklady-ekstremalnego-natezenia-leku\/19824.html Anoreksja https:\/\/portal.abczdrowie.pl\/wierza-ze-od-tlustego-kremu-moga-przytyc-anoreksja-choroba-duszy Samob\u00f3jstwa https:\/\/pieknoumyslu.com\/samobojstwo-gdy-zaczyna-byc-rozwiazaniem\/ http:\/\/www.gazeta.edu.pl\/Mlodzi_samobojcy__Kim_sa__dlaczego_to_robia_-95_665-0.html http:\/\/www.szkolnictwo.pl\/index.php?id=pu5469 http:\/\/pedagogikaspecjalna.tripod.com\/notes\/suicidal.htm http:\/\/www.se.pl\/styl-zycia\/zdrowie-i-psychologia\/300-nastolatkow-rocznie-popelnia-samobojstwa-w-polsce_582363.html https:\/\/www.bryk.pl\/wypracowania\/pozosta%C5%82e\/pedagogika\/15336-problem_samob%C3%B3jstw_u_dzieci_i_m%C5%82odzie%C5%BCy.html http:\/\/polki.pl\/zdrowie\/psychologia,samobojstwa-w-polsce-policyjne-statystyki,10398773,artykul.html http:\/\/brpd.gov.pl\/sites\/default\/files\/zapobieganie_samobojstwom.pdf Zesp\u00f3\u0142 Aspergera, autyzm \u0179r\u00f3d\u0142o: Zdrowa G\u0142owa https:\/\/pedagogika-specjalna.edu.pl\/autyzm\/dziecko-z-autyzmem-w-grupie\/ http:\/\/twojezdrowie.rmf24.pl\/czlowiek\/dziecko\/news-kazde-dziecko-z-autyzmem-jest-inne-zobacz-ich-swiaty,nId,2467987 http:\/\/www.spoa.org.pl\/diagnoza\/diagnoza\/ http:\/\/www.poradnikautystyczny.pl\/ http:\/\/niegrzecznedzieci.org.pl\/asperger\/ http:\/\/dziecisawazne.pl\/zespol-aspergera-choroba-czy-dar-jak-rozpoznac-dziecka-za\/ Dysleksja http:\/\/www.ptd.edu.pl\/odysleksji.html http:\/\/www.psdlux.org\/o-dysleksji\/cechy-dyslektykow.html http:\/\/babyonline.pl\/test-na-dysleksj-dla-dzieci,dysleksja-psychotest,1030,r4.html http:\/\/www.poradnikzdrowie.pl\/psychologia\/wychowanie\/przyczyny-objawy-i-diagnozowanie-dysleksji_33560.html Uzale\u017cnienia https:\/\/portal.abczdrowie.pl\/uzaleznienia https:\/\/portal.abczdrowie.pl\/zobacz-jak-ogladanie-pornografii-wplywa-na-twoj-mozg https:\/\/portal.abczdrowie.pl\/jak-pomoc-alkoholikow https:\/\/portal.abczdrowie.pl\/uzaleznienie-od-masturbacji https:\/\/portal.abczdrowie.pl\/quiz,5967910623335553 http:\/\/www.narkomania.org.pl\/ http:\/\/www.narkotyki.pl\/baza-wiedzy\/ &nbsp;<\/p>\n","protected":false},"author":2,"featured_media":369,"parent":0,"menu_order":0,"comment_status":"closed","ping_status":"closed","template":"","meta":{"footnotes":""},"_links":{"self":[{"href":"http:\/\/pedagog.zsme.pl\/aktualnosci\/wp-json\/wp\/v2\/pages\/268"}],"collection":[{"href":"http:\/\/pedagog.zsme.pl\/aktualnosci\/wp-json\/wp\/v2\/pages"}],"about":[{"href":"http:\/\/pedagog.zsme.pl\/aktualnosci\/wp-json\/wp\/v2\/types\/page"}],"author":[{"embeddable":true,"href":"http:\/\/pedagog.zsme.pl\/aktualnosci\/wp-json\/wp\/v2\/users\/2"}],"replies":[{"embeddable":true,"href":"http:\/\/pedagog.zsme.pl\/aktualnosci\/wp-json\/wp\/v2\/comments?post=268"}],"version-history":[{"count":13,"href":"http:\/\/pedagog.zsme.pl\/aktualnosci\/wp-json\/wp\/v2\/pages\/268\/revisions"}],"predecessor-version":[{"id":895,"href":"http:\/\/pedagog.zsme.pl\/aktualnosci\/wp-json\/wp\/v2\/pages\/268\/revisions\/895"}],"wp:featuredmedia":[{"embeddable":true,"href":"http:\/\/pedagog.zsme.pl\/aktualnosci\/wp-json\/wp\/v2\/media\/369"}],"wp:attachment":[{"href":"http:\/\/pedagog.zsme.pl\/aktualnosci\/wp-json\/wp\/v2\/media?parent=268"}],"curies":[{"name":"wp","href":"https:\/\/api.w.org\/{rel}","templated":true}]}}