{"id":174,"date":"2017-03-30T08:19:22","date_gmt":"2017-03-30T07:19:22","guid":{"rendered":"http:\/\/pedagog.zsme.pl\/wordpress\/?page_id=174"},"modified":"2017-06-08T09:53:48","modified_gmt":"2017-06-08T08:53:48","slug":"warsztaty-profilaktyczne","status":"publish","type":"page","link":"http:\/\/pedagog.zsme.pl\/aktualnosci\/profilaktyka\/warsztaty-profilaktyczne\/","title":{"rendered":"Warsztaty profilaktyczne"},"content":{"rendered":"<p class=\"fonter\" style=\"text-align: justify;\">W listopadzie i grudniu w klasach pierwszych Technikum i Zasadniczej Szko\u0142y Zawodowej zosta\u0142y przeprowadzone zaj\u0119cia warsztatowe z zakresu profilaktyki uzale\u017cnie\u0144. Warsztaty poprowadzi\u0142a Wioleta Konarzewska &#8211; terapeuta, specjalista terapii uzale\u017cnie\u0144. Warsztaty przeprowadzono na podstawie programu wczesnej interwencji &#8222;FreD goes net&#8221;. &#8222;Fred goes net&#8221; jest programem profilaktyki selektywnej, wdro\u017conym w Polsce po raz pierwszy przez Krajowe Biuro ds. Przeciwdzia\u0142ania Narkomanii w ramach projektu mi\u0119dzynarodowego. Program jest oparty na metodzie kr\u00f3tkiej interwencji profilaktycznej, prowadzony jest w formie warsztat\u00f3w z wykorzystaniem metod i za\u0142o\u017ce\u0144 dialogu motywuj\u0105cego. Celem zaj\u0119\u0107 jest podniesienie wiedzy uczestnik\u00f3w na temat szkodliwo\u015bci u\u017cywania substancji psychoaktywnych oraz zach\u0119cenie ich do oceny indywidualnego ryzyka u\u017cywania substancji psychoaktywnych.<\/p>\n","protected":false},"excerpt":{"rendered":"<p>W listopadzie i grudniu w klasach pierwszych Technikum i Zasadniczej Szko\u0142y Zawodowej zosta\u0142y przeprowadzone zaj\u0119cia warsztatowe z zakresu profilaktyki uzale\u017cnie\u0144. Warsztaty poprowadzi\u0142a Wioleta Konarzewska &#8211; terapeuta, specjalista terapii uzale\u017cnie\u0144. Warsztaty przeprowadzono na podstawie programu wczesnej interwencji &#8222;FreD goes net&#8221;. &#8222;Fred goes net&#8221; jest programem profilaktyki selektywnej, wdro\u017conym w Polsce po raz pierwszy przez Krajowe Biuro &hellip; <a href=\"http:\/\/pedagog.zsme.pl\/aktualnosci\/profilaktyka\/warsztaty-profilaktyczne\/\" class=\"more-link\">Czytaj dalej<span class=\"screen-reader-text\"> Warsztaty profilaktyczne<\/span><\/a><\/p>\n","protected":false},"author":2,"featured_media":175,"parent":40,"menu_order":0,"comment_status":"closed","ping_status":"closed","template":"","meta":{"footnotes":""},"_links":{"self":[{"href":"http:\/\/pedagog.zsme.pl\/aktualnosci\/wp-json\/wp\/v2\/pages\/174"}],"collection":[{"href":"http:\/\/pedagog.zsme.pl\/aktualnosci\/wp-json\/wp\/v2\/pages"}],"about":[{"href":"http:\/\/pedagog.zsme.pl\/aktualnosci\/wp-json\/wp\/v2\/types\/page"}],"author":[{"embeddable":true,"href":"http:\/\/pedagog.zsme.pl\/aktualnosci\/wp-json\/wp\/v2\/users\/2"}],"replies":[{"embeddable":true,"href":"http:\/\/pedagog.zsme.pl\/aktualnosci\/wp-json\/wp\/v2\/comments?post=174"}],"version-history":[{"count":2,"href":"http:\/\/pedagog.zsme.pl\/aktualnosci\/wp-json\/wp\/v2\/pages\/174\/revisions"}],"predecessor-version":[{"id":452,"href":"http:\/\/pedagog.zsme.pl\/aktualnosci\/wp-json\/wp\/v2\/pages\/174\/revisions\/452"}],"up":[{"embeddable":true,"href":"http:\/\/pedagog.zsme.pl\/aktualnosci\/wp-json\/wp\/v2\/pages\/40"}],"wp:featuredmedia":[{"embeddable":true,"href":"http:\/\/pedagog.zsme.pl\/aktualnosci\/wp-json\/wp\/v2\/media\/175"}],"wp:attachment":[{"href":"http:\/\/pedagog.zsme.pl\/aktualnosci\/wp-json\/wp\/v2\/media?parent=174"}],"curies":[{"name":"wp","href":"https:\/\/api.w.org\/{rel}","templated":true}]}}

<p class="fonter" style="text-align: justify;">W listopadzie i grudniu w klasach pierwszych Technikum i Zasadniczej Szkoły Zawodowej zostały przeprowadzone zajęcia warsztatowe z zakresu profilaktyki uzależnień. Warsztaty poprowadziła Wioleta Konarzewska &#8211; terapeuta, specjalista terapii uzależnień. Warsztaty przeprowadzono na podstawie programu wczesnej interwencji &#8222;FreD goes net&#8221;. &#8222;Fred goes net&#8221; jest programem profilaktyki selektywnej, wdrożonym w Polsce po raz pierwszy przez Krajowe Biuro ds. Przeciwdziałania Narkomanii w ramach projektu międzynarodowego. Program jest oparty na metodzie krótkiej interwencji profilaktycznej, prowadzony jest w formie warsztatów z wykorzystaniem metod i założeń dialogu motywującego. Celem zajęć jest podniesienie wiedzy uczestników na temat szkodliwości używania substancji psychoaktywnych oraz zachęcenie ich do oceny indywidualnego ryzyka używania substancji psychoaktywnych.</p>

<p>W listopadzie i grudniu w klasach pierwszych Technikum i Zasadniczej Szkoły Zawodowej zostały przeprowadzone zajęcia warsztatowe z zakresu profilaktyki uzależnień. Warsztaty poprowadziła Wioleta Konarzewska &#8211; terapeuta, specjalista terapii uzależnień. Warsztaty przeprowadzono na podstawie programu wczesnej interwencji &#8222;FreD goes net&#8221;. &#8222;Fred goes net&#8221; jest programem profilaktyki selektywnej, wdrożonym w Polsce po raz pierwszy przez Krajowe Biuro &hellip; <a href="http://pedagog.zsme.pl/aktualnosci/profilaktyka/warsztaty-profilaktyczne/" class="more-link">Czytaj dalej<span class="screen-reader-text"> Warsztaty profilaktyczne</span></a></p>
