{"id":171,"date":"2017-03-30T08:16:53","date_gmt":"2017-03-30T07:16:53","guid":{"rendered":"http:\/\/pedagog.zsme.pl\/wordpress\/?page_id=171"},"modified":"2017-06-08T09:53:07","modified_gmt":"2017-06-08T08:53:07","slug":"warsztaty-plastyczne","status":"publish","type":"page","link":"http:\/\/pedagog.zsme.pl\/aktualnosci\/profilaktyka\/warsztaty-plastyczne\/","title":{"rendered":"Warsztaty plastyczne"},"content":{"rendered":"<p style=\"text-align: justify;\">W ramach Miejskiego programu profilaktyki uzale\u017cnie\u0144 BLOKOWISKO TO NIE WSZYSTKO uczniowie 2 TD wzi\u0119li udzia\u0142 w warsztatach plastycznych: &#8222;Kicz, arcydzie\u0142o i karykatura&#8221;. Zaj\u0119cia poprowadzi\u0142a pani plastyk Danuta Sarna. M\u0142odzie\u017c w trakcie zaj\u0119\u0107 zastanawia\u0142a si\u0119 jakimi warto\u015bciami kieruje si\u0119 w swoim \u017cyciu. Pani Danuta w spos\u00f3b ciekawy nawi\u0105za\u0142a do pracy nad swoim \u017cyciem por\u00f3wnuj\u0105c ten proces do tworzenia wielkiego arcydzie\u0142a, karykatury i kiczu. Wywo\u0142a\u0142a refleksj\u0119 na przyk\u0142adzie renowacji dzie\u0142a: &#8222;Bitwa pod Grunwaldem&#8221;: jakiego trzeba trudu, by budowa\u0107 co\u015b warto\u015bciowego na kszta\u0142t arcydzie\u0142a. Jakie chcemy prowadzi\u0107 \u017cycie: oparte na warto\u015bciach, budowane mozolnie, z wielkim trudem go udoskonala\u0107, czy mo\u017ce chcemy stworzy\u0107 kicz &#8211; \u017cyj\u0105c chwil\u0105? Nast\u0119pnie m\u0142odzie\u017c zaznajomi\u0142a si\u0119 z technik\u0105 szablonu graffiti. Ka\u017cdy ucze\u0144 wyszuka\u0142 pozytywne okre\u015blenie w\u0142asnej osoby, kt\u00f3re go charakteryzuje, okre\u015bla, bo w ka\u017cdym z nas jest zal\u0105\u017cek arcydzie\u0142a. To okre\u015blenie ka\u017cdy z uczestnik\u00f3w umie\u015bci\u0142 na tablicy pos\u0142uguj\u0105c si\u0119 technik\u0105 szablonu graffiti. Uczniowie uznali zaj\u0119cia za niezwyk\u0142e, poniewa\u017c: pomog\u0142y im uwierzy\u0107 w samych siebie, da\u0142y podstawy do rozwa\u017ca\u0144 o celu i sensie \u017cycia, wybra\u0107 warto\u015bci, kt\u00f3rymi warto si\u0119 kierowa\u0107. U\u015bwiadomi\u0142y m\u0142odym, \u017ce s\u0105 jak p\u0142\u00f3tno i to oni decyduj\u0105 co na tym p\u0142\u00f3tnie powstanie, kicz, karykatura a mo\u017ce arcydzie\u0142o?<\/p>\n","protected":false},"excerpt":{"rendered":"<p>W ramach Miejskiego programu profilaktyki uzale\u017cnie\u0144 BLOKOWISKO TO NIE WSZYSTKO uczniowie 2 TD wzi\u0119li udzia\u0142 w warsztatach plastycznych: &#8222;Kicz, arcydzie\u0142o i karykatura&#8221;. Zaj\u0119cia poprowadzi\u0142a pani plastyk Danuta Sarna. M\u0142odzie\u017c w trakcie zaj\u0119\u0107 zastanawia\u0142a si\u0119 jakimi warto\u015bciami kieruje si\u0119 w swoim \u017cyciu. Pani Danuta w spos\u00f3b ciekawy nawi\u0105za\u0142a do pracy nad swoim \u017cyciem por\u00f3wnuj\u0105c ten proces &hellip; <a href=\"http:\/\/pedagog.zsme.pl\/aktualnosci\/profilaktyka\/warsztaty-plastyczne\/\" class=\"more-link\">Czytaj dalej<span class=\"screen-reader-text\"> Warsztaty plastyczne<\/span><\/a><\/p>\n","protected":false},"author":2,"featured_media":172,"parent":40,"menu_order":0,"comment_status":"closed","ping_status":"closed","template":"","meta":{"footnotes":""},"_links":{"self":[{"href":"http:\/\/pedagog.zsme.pl\/aktualnosci\/wp-json\/wp\/v2\/pages\/171"}],"collection":[{"href":"http:\/\/pedagog.zsme.pl\/aktualnosci\/wp-json\/wp\/v2\/pages"}],"about":[{"href":"http:\/\/pedagog.zsme.pl\/aktualnosci\/wp-json\/wp\/v2\/types\/page"}],"author":[{"embeddable":true,"href":"http:\/\/pedagog.zsme.pl\/aktualnosci\/wp-json\/wp\/v2\/users\/2"}],"replies":[{"embeddable":true,"href":"http:\/\/pedagog.zsme.pl\/aktualnosci\/wp-json\/wp\/v2\/comments?post=171"}],"version-history":[{"count":3,"href":"http:\/\/pedagog.zsme.pl\/aktualnosci\/wp-json\/wp\/v2\/pages\/171\/revisions"}],"predecessor-version":[{"id":451,"href":"http:\/\/pedagog.zsme.pl\/aktualnosci\/wp-json\/wp\/v2\/pages\/171\/revisions\/451"}],"up":[{"embeddable":true,"href":"http:\/\/pedagog.zsme.pl\/aktualnosci\/wp-json\/wp\/v2\/pages\/40"}],"wp:featuredmedia":[{"embeddable":true,"href":"http:\/\/pedagog.zsme.pl\/aktualnosci\/wp-json\/wp\/v2\/media\/172"}],"wp:attachment":[{"href":"http:\/\/pedagog.zsme.pl\/aktualnosci\/wp-json\/wp\/v2\/media?parent=171"}],"curies":[{"name":"wp","href":"https:\/\/api.w.org\/{rel}","templated":true}]}}

<p style="text-align: justify;">W ramach Miejskiego programu profilaktyki uzależnień BLOKOWISKO TO NIE WSZYSTKO uczniowie 2 TD wzięli udział w warsztatach plastycznych: &#8222;Kicz, arcydzieło i karykatura&#8221;. Zajęcia poprowadziła pani plastyk Danuta Sarna. Młodzież w trakcie zajęć zastanawiała się jakimi wartościami kieruje się w swoim życiu. Pani Danuta w sposób ciekawy nawiązała do pracy nad swoim życiem porównując ten proces do tworzenia wielkiego arcydzieła, karykatury i kiczu. Wywołała refleksję na przykładzie renowacji dzieła: &#8222;Bitwa pod Grunwaldem&#8221;: jakiego trzeba trudu, by budować coś wartościowego na kształt arcydzieła. Jakie chcemy prowadzić życie: oparte na wartościach, budowane mozolnie, z wielkim trudem go udoskonalać, czy może chcemy stworzyć kicz &#8211; żyjąc chwilą? Następnie młodzież zaznajomiła się z techniką szablonu graffiti. Każdy uczeń wyszukał pozytywne określenie własnej osoby, które go charakteryzuje, określa, bo w każdym z nas jest zalążek arcydzieła. To określenie każdy z uczestników umieścił na tablicy posługując się techniką szablonu graffiti. Uczniowie uznali zajęcia za niezwykłe, ponieważ: pomogły im uwierzyć w samych siebie, dały podstawy do rozważań o celu i sensie życia, wybrać wartości, którymi warto się kierować. Uświadomiły młodym, że są jak płótno i to oni decydują co na tym płótnie powstanie, kicz, karykatura a może arcydzieło?</p>

<p>W ramach Miejskiego programu profilaktyki uzależnień BLOKOWISKO TO NIE WSZYSTKO uczniowie 2 TD wzięli udział w warsztatach plastycznych: &#8222;Kicz, arcydzieło i karykatura&#8221;. Zajęcia poprowadziła pani plastyk Danuta Sarna. Młodzież w trakcie zajęć zastanawiała się jakimi wartościami kieruje się w swoim życiu. Pani Danuta w sposób ciekawy nawiązała do pracy nad swoim życiem porównując ten proces &hellip; <a href="http://pedagog.zsme.pl/aktualnosci/profilaktyka/warsztaty-plastyczne/" class="more-link">Czytaj dalej<span class="screen-reader-text"> Warsztaty plastyczne</span></a></p>
